986*v - 328. Is b(-7) prime?
False
Let u be 42/(-6) + 18 - 0. Suppose 2*c = -5*d + 1465, -d - u*c + 12*c = -293. Is d composite?
False
Suppose 0 = 4*d + 2*k - 86 + 6, 4*k = 0. Suppose -2*x - d = -4*x. Is 3702/x - (-4)/5 a prime number?
False
Suppose -2*p + 19616 + 2956 = 0. Is (-1)/(-1 + -3) - p/(-8) a composite number?
True
Let y be (15/(-3))/5 + (1 - 64). Let z = -66 - y. Is (-2930)/(-6) - -1*z/(-3) composite?
True
Suppose 4 = -4*f, -3*w + 4*f - 120143 = -6*w. Is w composite?
True
Let v(q) = -q**3 - 4*q**2 + 7*q + 13. Let f be v(-5). Suppose 5*a = 4*u - 38, -3*u + 2*u + f*a + 13 = 0. Is (-215)/105*-141 - (-2)/u prime?
False
Is ((-645437)/655)/(1/(-5)) composite?
True
Let g = -254 - 1144. Let k = -829 - g. Suppose 0 = -4*x + 2211 + k. Is x prime?
False
Suppose 0 = 294*u - 24601995 - 38481882 - 9633201. Is u composite?
False
Is (-1432943 + -2)/1*(84/(-21))/20 prime?
True
Suppose -3 = -6*y + 57. Suppose -5*z + 36 = -2*x, -x - 5 = -2*z + y. Is (-9)/z*(-1146)/9 prime?
True
Let t = -849 + 413. Suppose -j = -3*j + c + 2767, 6910 = 5*j - 5*c. Let k = t + j. Is k composite?
True
Let g = 169178 - 112905. Is g a prime number?
False
Let m(b) = -175*b - 32. Let p be m(-7). Let r = 2690 - p. Let o = 496 + r. Is o prime?
True
Let u(y) = 2491*y**3 + 3*y**2 - 22*y + 53. Is u(3) prime?
True
Suppose -22*z + 13083260 = -18*z - 12*g, 3*z - 3*g - 9812469 = 0. Is z prime?
False
Suppose -3*z = 4*i + 148, 3*i + 5*z - 60 = 4*i. Is (144496/i)/((-12)/30) prime?
False
Suppose -5*z - 6347 = d, -d = -2*z + 3*z + 1267. Let n = z - -3591. Is n prime?
False
Let w be 4 + 24/(-18)*(-1554)/(-2). Let s be ((-8)/(-16))/(3/w). Is (21/(-14) - 0)/(2/s) prime?
False
Is 3/4*4439983708/573 a prime number?
True
Suppose 26*l - 40101 = -14401 + 52742. Is l a composite number?
True
Suppose -5*p = c - 2*p - 94, -106 = -c + 3*p. Suppose c*l - 29210 = 90*l. Is l a prime number?
False
Let m = -2931 + 7718. Let d = m + -2445. Is d composite?
True
Let p(q) = 13371*q**3 + 2*q**2 - 20*q + 33. Is p(2) prime?
False
Let s = -105 - -51. Let k be s/(-81) - (-8)/(-3). Is (k/(-6))/(5 + 20202/(-4041)) prime?
True
Let s = 25 + 19. Let i = s - 39. Suppose 5*j + 0*w = i*w + 17070, w = 2*j - 6829. Is j a composite number?
True
Suppose p = a - 27, -5*a - p = -4*p - 129. Is ((-30)/a)/(-5) + 36129/12 prime?
True
Let r = 474 + -448. Suppose 35*m - r*m - 1683 = 0. Is m prime?
False
Let l be (3*-5*(-12)/(-18))/(-2). Suppose l*a = a + 8. Suppose a*p + 3772 = 4*m - 0*p, 0 = -3*p - 12. Is m a prime number?
True
Suppose 4*v = -5*n + 70, 3*n + 8*v - 42 = 6*v. Suppose -20*f + n*f + 14172 = 0. Suppose -4*u = -2674 - f. Is u prime?
True
Let l(h) = -h - 6 + 560*h**3 + 7 + 2*h**2 + 0. Let z be l(2). Suppose -u - 2193 - z = -5*p, 4*p + 5*u = 5373. Is p composite?
True
Let l(h) = -10455*h + 9. Is l(-8) prime?
False
Suppose 2*c = -2*a + 20, 5 = 3*a - 1. Suppose -63 + 103 + 115 = 31*g. Suppose g*f - 11882 = -c*f. Is f a prime number?
False
Suppose -579159 - 240435 = -18*t. Is t a prime number?
True
Let z(b) = 8*b - 79. Let p be z(30). Suppose p*n = 159*n + 9926. Is n composite?
True
Suppose -115*y + 101946 = -102*y. Suppose -7*a - y = -192775. Is a a prime number?
False
Let h = 811 - 107. Is (1 - 1) + 1 + 2 + h prime?
False
Suppose 10*a + 27*a = -148. Is (-230)/40 + 6 - 11911/a a composite number?
True
Suppose 0 = -159*v + 160*v - 3183313. Is v a composite number?
True
Let t(k) = 1076*k**3 - 3*k**2 + 5*k - 1. Let f be t(2). Let s = f - 4785. Suppose 6*x = 2702 + s. Is x a composite number?
False
Let l(j) = -j**3 - 6*j**2 - 5*j. Let z be l(-5). Suppose -d - 4 = -h, 0*h - h - 2*d - 2 = z. Suppose 4*v + 4*r + 2752 = 11628, 0 = 3*v - h*r - 6657. Is v prime?
False
Suppose -5*n - 1539 = -2*i, 2*n = -3*i + n + 2283. Suppose o = 3*o + i. Let p = 684 + o. Is p composite?
True
Suppose n - 5*o + o - 4 = 0, 2*n = 5*o - 4. Let k be (7/(-14))/(1/n). Suppose 4*c - 6633 = -a, 0 = 3*c - 3*a + k*a - 4986. Is c a prime number?
True
Let d = 3 - 13. Is (-7565 - d)*(-1)/5 prime?
True
Let u = 563727 + -390958. Is u a composite number?
True
Suppose 34*s - 687087 - 907308 = 565387. Is s a composite number?
True
Let q(m) = -479*m - 33. Let y(a) = 718*a + 11 + 55 + 240*a. Let g(n) = -5*q(n) - 2*y(n). Is g(4) a prime number?
True
Let a = -241 - -334. Is 225 + (-124)/a*3/2 a prime number?
True
Suppose -2*l - 10 = 0, 70*l - 75*l = -5*u + 2959690. Is u a composite number?
True
Let d(h) be the third derivative of -h**8/20160 + h**7/1680 + 1049*h**6/720 + 3*h**5/20 + 21*h**2. Let m(q) be the third derivative of d(q). Is m(0) prime?
True
Let u(z) = 5*z**3 + 3*z**2 + 30*z + 5. Let t(s) = s**3 + s. Let c(i) = -6*t(i) + u(i). Is c(-7) a prime number?
False
Suppose 2*z + 3*m - 8 - 4 = 0, -16 = -2*z - 5*m. Suppose -3*o - 4271 = -5*i, 0 = -z*i - 3*o + 4*o + 2561. Is i a composite number?
False
Let x be 10*(-3)/(-8) + 3/(-4). Is 0 + 4198 - -5*(x - 4) a prime number?
False
Suppose -152*s - 71165 = -147*s. Let g = 25635 + s. Is g a composite number?
True
Let m = -208 - -210. Is (-23)/((-345)/10)*27/m a prime number?
False
Suppose 5*y = 2*p - 13, 0*y - 16 = -2*p + 2*y. Is (-32082)/p*(31 - 34) composite?
True
Let o = 1504 + -1046. Let k = 1985 - o. Is k composite?
True
Suppose -64222*r = -64241*r + 4185301. Is r prime?
True
Let s = 200 + 5429. Is s a prime number?
False
Suppose 140*k = 147*k - 179641. Is k composite?
True
Let m be 3/(-9) + (-30)/(-9). Suppose -m = 3*c, -5*i + 2*i - 629 = 5*c. Let q = i - -365. Is q a prime number?
True
Suppose -25*v + 43106 + 68919 = 0. Suppose -v - 3552 = -q. Is q composite?
True
Suppose -8*l + c = -6*l - 1577664, -5*l + c = -3944157. Is l composite?
True
Let c(q) = -21*q**2 + 42*q - 64. Let g(v) = 7*v**2 - 14*v + 22. Let f(d) = -6*c(d) - 17*g(d). Suppose p - 2 = 7. Is f(p) a prime number?
False
Let u be 385 - (1 - 5/((-25)/(-20))). Let s = u + 979. Is s prime?
True
Let a(u) = 5 + 3 - 194*u**2 - u**3 + 199*u**2 + u. Is a(-7) prime?
False
Is -13 + (5 - -9) + 215470 a prime number?
True
Let q(k) be the third derivative of 0*k + 2/3*k**3 - 43/24*k**4 + 0 - 2*k**2. Is q(-9) a prime number?
False
Let n(g) = 11*g**3 - 2*g**2 + g + 1. Let d be n(3). Suppose 0*k - 287 = -k + 3*q, 0 = -k + 5*q + d. Suppose -5*o = 3*h - 467, o - 5*h = 4*o - k. Is o composite?
True
Suppose 0 = -34*m + 21*m - 10*m + 268111. Is m a prime number?
True
Let t = -31311 - -47914. Is t a prime number?
True
Let d(w) be the third derivative of 23*w**4/2 - 205*w**3/6 - w**2 - 35*w. Is d(15) a prime number?
False
Suppose 2*m + 10 = 4*m. Suppose 0 = 2*a + 2*l, -2*a = 2*a - m*l - 27. Suppose 4*n = -2*x + 10090, -3*n - a*x = x - 7575. Is n a prime number?
True
Let a(z) = 61*z**2 + 2*z - 13. Suppose -44 = -4*k - 4*f + 8*f, -2*f - 6 = 0. Is a(k) a composite number?
False
Let c = 191829 - 81058. Is c composite?
False
Suppose 103*q - 119*q + 186960 = 0. Suppose -q = -5*k + 7*n - 2*n, 7003 = 3*k - n. Is k a prime number?
True
Let r be (-4)/(-18) - (-1118)/234. Suppose -w = -r*w + 596. Is w composite?
False
Let i = 3642347 + -2455206. Is i composite?
False
Let m be -5 - 1 - (9 + (-6 - 8)). Is (m - 18/(-14)) + (-764530)/(-182) prime?
True
Let m = 61 + -56. Suppose m*w + 4*t = 30, 2*w + 2*t = 7*w. Suppose -276 = -2*s + w*j, 5*s + 4*j = j + 650. Is s a prime number?
False
Let o be (2262/(-261))/(-1*1/162). Suppose -o = -7*l + 56549. Is l composite?
True
Let y(t) = -t**3 - 27*t**2 + 31*t - 38. Let a be y(-39). Let q = a - 5540. Is q composite?
True
Let n(i) = -3219*i + 200. Let c be n(-18). Suppose -2*v + 23240 = -48*p + 52*p, -5*v = -4*p - c. Is v composite?
True
Let g(t) = -t**3 + 39*t**2 + 2*t - 117. Let c be g(38). Let w = -650 + c. Is w composite?
True
Suppose -14*w = -15*w + 4*s + 237, 4*w - 909 = 3*s. Let q = 194 + w. Is q prime?
True
Suppose -5*f - 3*w = -49981, -5*f + 3*f = 2*w - 19986. Is f composite?
True
Let d(w) = 2*w**2 - 14*w + 16. Let x be d(6). Let v(m) = 4*m + x*m + 29 + m + 3*m**2 + 2*m. Is v(13) prime?
False
Let k(j) = -1466*j - 7. Let c be k(-6). Let l = -5634 + c. Suppose 0 = -9*r + l + 4828. Is r a composite number?
False
Let a(f) = -27*f + 3. Let s be 3 - (-297)/(-63) - 4/14. Is a(s) a composite number?
True
Suppose -3*c + 7*c = 592. Let z = c + 105. Is z a prime number?
False
Let j = 10178 - 9921. Suppose 0 = -d - d + 13336. Suppose 5*a - d = j. Is a a prime nu